Does 177 divide 388172?
False
Is 2 a factor of 2072?
True
Is 20 a factor of 702006?
False
Is 1832740 a multiple of 455?
True
Does 20 divide 21520?
True
Is 369930 a multiple of 30?
True
Is 252 a factor of 3235680?
True
Is 12 a factor of 80808?
True
Is 1107705 a multiple of 15?
True
Is 78 a factor of 12822030?
True
Is 35 a factor of 822395?
True
Does 60 divide 8940?
True
Is 8291978 a multiple of 634?
False
Does 278 divide 40359?
False
Does 748 divide 1304512?
True
Is 68 a factor of 339760?
False
Does 1012 divide 11915288?
True
Does 166 divide 620605?
False
Is 40170 a multiple of 195?
True
Is 308 a factor of 412629?
False
Is 5 a factor of 7520490?
True
Does 298 divide 302172?
True
Is 14 a factor of 223659?
False
Does 3 divide 13629?
True
Is 50 a factor of 288350?
True
Does 3 divide 297195?
True
Does 16 divide 975920?
True
Is 61 a factor of 1520751?
False
Is 829032 a multiple of 24?
True
Is 282492 a multiple of 4?
True
Is 81 a factor of 278615?
False
Is 22 a factor of 64900?
True
Is 50529 a multiple of 3?
True
Is 47 a factor of 92398?
False
Is 134 a factor of 142220?
False
Is 36 a factor of 2090556?
True
Does 98 divide 2489984?
True
Does 14 divide 58149?
False
Is 625 a factor of 2172196?
False
Does 10 divide 199996?
False
Is 102 a factor of 1559682?
True
Is 5230 a multiple of 3?
False
Does 213 divide 1686361?
False
Does 10 divide 399590?
True
Does 132 divide 147576?
True
Is 101070 a multiple of 9?
True
Is 29259 a multiple of 6?
False
Is 102 a factor of 314262?
True
Is 132 a factor of 851670?
False
Is 32 a factor of 116506?
False
Is 14 a factor of 934164?
True
Does 231 divide 175454?
False
Is 609454 a multiple of 1436?
False
Is 378 a factor of 297864?
True
Is 13637467 a multiple of 797?
True
Is 29 a factor of 339735?
True
Does 2892 divide 14491812?
True
Is 10921331 a multiple of 39?
False
Is 14631065 a multiple of 448?
False
Is 9550296 a multiple of 1176?
True
Is 249513 a multiple of 75?
False
Is 27 a factor of 1786166?
False
Is 11 a factor of 159005?
True
Is 66196 a multiple of 148?
False
Is 24236 a multiple of 3?
False
Is 7 a factor of 259418?
False
Is 3743004 a multiple of 9?
False
Is 47 a factor of 2380551?
False
Does 5 divide 578798?
False
Does 634 divide 2293178?
True
Is 133888 a multiple of 16?
True
Is 50886 a multiple of 18?
True
Does 7 divide 451465?
True
Is 373 a factor of 209626?
True
Is 1603314 a multiple of 5?
False
Is 963606 a multiple of 21?
True
Does 43 divide 639836?
False
Does 16 divide 427616?
True
Does 118 divide 308126?
False
Is 5 a factor of 18964?
False
Is 2271 a factor of 25055943?
True
Does 7 divide 149255?
False
Is 38 a factor of 10186128?
True
Is 356 a factor of 405128?
True
Is 387 a factor of 2613798?
True
Is 1377837 a multiple of 35?
False
Is 122 a factor of 65392?
True
Does 594 divide 13661406?
True
Is 206176 even?
True
Is 4777581 a multiple of 958?
False
Does 130 divide 445548?
False
Does 97 divide 50440?
True
Is 2423557 a multiple of 84?
False
Is 1539 a factor of 6658482?
False
Is 7 a factor of 46902?
False
Does 72 divide 29268?
False
Is 296949 a multiple of 16?
False
Is 25 a factor of 817383?
False
Is 69 a factor of 7654?
False
Is 1240542 a multiple of 346?
False
Does 13 divide 17727730?
False
Is 67 a factor of 40468?
True
Is 912594 a multiple of 391?
True
Is 74732 a multiple of 28?
True
Is 137 a factor of 36990?
True
Is 13 a factor of 7044181?
False
Is 4136660 a multiple of 21?
False
Is 367 a factor of 216109?
False
Does 559 divide 1130629?
False
Is 520 a factor of 137573?
False
Is 6209874 a multiple of 198?
True
Does 109 divide 6778210?
False
Is 115 a factor of 162986?
False
Is 186 a factor of 18109549?
False
Is 108 a factor of 80653?
False
Is 3101987 a multiple of 13?
False
Is 1129755 a multiple of 42?
False
Does 20 divide 189605?
False
Is 4565608 a multiple of 386?
True
Does 234 divide 150930?
True
Does 636 divide 240408?
True
Does 401 divide 3314265?
True
Is 16 a factor of 3652176?
True
Is 1026046 even?
True
Is 705 a factor of 1229520?
True
Does 26 divide 4991794?
False
Does 86 divide 106493?
False
Is 179520 a multiple of 30?
True
Does 126 divide 10035782?
False
Is 32 a factor of 32576?
True
Is 32317380 a multiple of 137?
False
Is 35 a factor of 24135?
False
Is 1888443 a multiple of 9?
True
Is 183358 a multiple of 14?
True
Is 167 a factor of 245156?
True
Does 462 divide 1063892?
False
Is 612054 a multiple of 7?
False
Is 158234 a multiple of 101?
False
Is 1587 a factor of 997819?
False
Is 368692 a multiple of 137?
False
Does 4 divide 495808?
True
Is 22 a factor of 10371?
False
Is 286720 a multiple of 32?
True
Is 13 a factor of 146536?
True
Is 126052 a multiple of 113?
False
Does 431 divide 1401891?
False
Does 52 divide 217569?
False
Does 19 divide 1090429?
True
Does 35 divide 626675?
True
Is 189 a factor of 227766?
False
Does 142 divide 3053528?
False
Is 2 a factor of 132244?
True
Is 127 a factor of 9469755?
True
Is 1194 a factor of 2625606?
True
Is 7069012 a multiple of 986?
False
Is 18 a factor of 1228500?
True
Is 43140 a multiple of 719?
True
Does 4 divide 1178461?
False
Is 5933011 a multiple of 7?
True
Is 76310 a multiple of 19?
False
Does 551 divide 341384?
False
Does 112 divide 58464?
True
Is 71040 a multiple of 148?
True
Does 6 divide 76352?
False
Does 282 divide 87138?
True
Does 27 divide 149125?
False
Does 45 divide 2507645?
False
Does 115 divide 1650825?
True
Is 15 a factor of 71280?
True
Does 12 divide 43115?
False
Is 4 a factor of 334804?
True
Is 668034 a multiple of 18?
True
Is 123291 a multiple of 73?
False
Is 7 a factor of 126931?
True
Does 913 divide 13770244?
False
Is 87089 a multiple of 7?
False
Is 72819 a multiple of 11?
False
Is 50 a factor of 110450?
True
Is 1115920 a multiple of 65?
True
Is 688 a factor of 950816?
True
Does 64 divide 997333?
False
Does 9 divide 3911904?
True
Is 3 a factor of 410256?
True
Does 74 divide 2634918?
True
Is 15339150 a multiple of 1335?
True
Is 7473692 a multiple of 37?
False
Is 944 a factor of 1844576?
True
Does 20 divide 430480?
True
Is 266969 a multiple of 4?
False
Is 385572 a multiple of 132?
True
Is 840522 a multiple of 38?
True
Is 7 a factor of 240395?
False
Is 743181 a multiple of 573?
True
Is 7906 a multiple of 59?
True
Is 129303 a multiple of 27?
True
Does 10 divide 2901617?
False
Does 15 divide 531070?
False
Is 30686 a multiple of 135?
False
Does 10 divide 2750062?
False
Is 44631 a multiple of 29?
True
Does 12 divide 166572?
True
Does 84 divide 1467926?
False
Is 94 a factor of 416536?
False
Is 430229 a multiple of 21?
False
Is 743 a factor of 239333?
False
Does 192 divide 3329427?
False
Is 13 a factor of 506779?
True
Does 11 divide 104082?
True
Does 13 divide 538941?
True
Is 529 a factor of 400453?
True
Does 15 divide 8430838?
False
Does 427 divide 201398?
False
Is 15 a factor of 17557?
False
Is 9780 a multiple of 60?
True
Does 2 divide 664561?
False
Is 790 a factor of 3114180?
True
Is 76860 a multiple of 180?
True
Does 68 divide 2824584?
True
Is 15 a factor of 1211190?
True
Does 25 divide 232010?
False
Is 59 a factor of 1739236?
False
Is 3245 a multiple of 55?
True
Does 55 divide 30745?
True
Is 202728 a multiple of 11?
False
Is 10 a factor of 19660?
True
Is 32070 a multiple of 5?
True
Does 49 divide 189544?
False
Does 233 divide 825519?
True
Is 31 a factor of 9238370?
False
Is 1314667 a multiple of 158?
False
Does 211 divide 284107?
False
Is 1283544 a multiple of 29?
False
Is 118424 a multiple of 113?
True
Is 3176100 a multiple of 18?
True
Does 7 divide 414745?
False
Is 138933 a multiple of 2?
False
Is 161 a factor of 1248233?
True
Does 176 divide 693968?
True
Does 75 divide 88456?
False
Is 1078560 a multiple of 15?
True
Is 793471 a multiple of 12?
False
Is 87 a factor of 17852748?
True
Does 12 divide 5544?
True
Is 111 a factor of 62382?
True
Does 305 divide 39650?
True
Does 80 divide 24770?
False
Is 121867 a multiple of 313?
False
Is 277 a factor of 521756?
False
Is 53 a factor of 11805085?
False
Does 84 divide 538020?
True
Does 4 divide 1429620?
True
Is 6 a factor of 6092801?
False
Does 59 divide 206854?
True
Does 232 divide 17896480?
True
Is 162663 a multiple of 177?
True
Is 3324792 a multiple of 68?
True
Is 29346490 a multiple of 122?
True
Is 1359176 a multiple of 364?
True
Is 80 a factor of 466800?
True
Is 966 a factor of 1321488?
True
Is 15 